Give q(1).
-7
Let c(g) = 2*g + 3. Calculate c(-9).
-15
Let f(a) = 3*a + 35. Determine f(-8).
11
Let x(n) = 15*n + 73. What is x(5)?
148
Let o(g) = 6*g - 1. Determine o(-6).
-37
Let z(u) = -u**3 - 7*u**2 - 7*u - 5. Give z(-7).
44
Let s(r) = r**3 + 13*r**2 + 38*r - 33. Give s(-7).
-5
Let w(b) = 2*b + 7. What is w(-5)?
-3
Let i(q) = -3*q**2 - 4*q + 9. Calculate i(2).
-11
Let i(o) = -4*o - 141. Give i(-12).
-93
Let w(h) = 18*h + 4. Determine w(-2).
-32
Let p(a) = -7*a - 86. Determine p(-13).
5
Let w(b) = -b**3 - 19*b**2 - 4*b - 57. Give w(-19).
19
Let h(q) = 2*q**3 - 27*q**2 - 13*q + 11. Calculate h(14).
25
Let z(a) = a**2 - 4*a - 2. Determine z(7).
19
Let j(q) = -q**2 - 9*q + 9. Give j(-10).
-1
Let m(h) = h**3 + 2*h**2 + 3*h. What is m(-2)?
-6
Let g(m) = -2*m - 38. Calculate g(-18).
-2
Let b(z) = 2*z**2 - 2*z - 9. Calculate b(5).
31
Let n(k) = -k - 18. Calculate n(-2).
-16
Let j(d) = -d**3 + 5*d**2 + 4*d - 33. What is j(4)?
-1
Let t(i) = -10*i + 5. Determine t(4).
-35
Let r(s) = -4*s - 3. Give r(9).
-39
Let y(f) = 9*f + 53. Determine y(-7).
-10
Let a(s) = -2*s**2 + 54*s + 255. Determine a(31).
7
Let h(d) = -d**3 + 14*d**2 + 16*d - 22. What is h(15)?
-7
Let j(o) = -24*o + 239. Determine j(10).
-1
Let l(y) = y**3 + 2*y**2 - 3*y. Determine l(-3).
0
Let l(n) = -n**3 + 18*n**2 - 19*n + 38. Determine l(17).
4
Let w(m) = -5*m - 46. Determine w(-14).
24
Let v(a) = -a**2 + 4*a - 3. Calculate v(7).
-24
Let b(f) = -22*f - 230. Calculate b(-10).
-10
Let w(m) = 10*m + 38. Determine w(-3).
8
Let u(i) = -i**2 + 10*i - 7. Determine u(9).
2
Let n(z) = -2*z**2 - 5*z + 12. Determine n(-6).
-30
Let g(w) = -w**2 - 3*w - 16. What is g(0)?
-16
Let d(g) = -4*g**3 + 4*g**2 - 4*g - 1. What is d(2)?
-25
Let c(k) = 8*k**3 - 2*k - 3. Give c(-2).
-63
Let h(c) = c + 3. Give h(4).
7
Let q(n) = 7*n - 54. Calculate q(8).
2
Let n(j) = -j**3 + 4*j**2 + 9*j + 11. Determine n(6).
-7
Let f(s) = -7*s - 28. Determine f(-4).
0
Let n(w) = 10*w - 5. What is n(13)?
125
Let h(d) = -3*d**2 + 10. Determine h(-3).
-17
Let w(i) = i**3 - 2*i**2 + 5. Give w(4).
37
Let m(l) = -l + 14. What is m(-10)?
24
Let k(y) = -y**3 + 17*y**2 - 46*y - 9. What is k(14)?
-65
Let r(b) = -2*b**3 + 5*b**2 - 3*b + 2. What is r(2)?
0
Let g(d) = -2*d**2 - 25*d + 203. Calculate g(-18).
5
Let i(t) = -7*t + 7. Give i(5).
-28
Let j(a) = -a**3 - 21*a**2 + 22*a - 51. What is j(-22)?
-51
Let f(i) = -i**2 - 17*i + 5. What is f(-8)?
77
Let i(c) = -c**3 + 13*c**2 + 2*c - 26. Calculate i(13).
0
Let y(l) = 5*l + 22. Determine y(-4).
2
Let n(v) = -2*v + 23. Determine n(12).
-1
Let y(o) = 3*o**2 + o - 2. Determine y(-2).
8
Let n(i) = -i - 9. Give n(-12).
3
Let p(n) = 3*n**2 + 97*n - 60. Calculate p(-33).
6
Let j(s) = 12*s. Calculate j(-1).
-12
Let c(h) = 3*h**3 - h**2 - 2*h + 3. Calculate c(1).
3
Let n(h) = 3*h**2 + h + 6. Calculate n(-2).
16
Let k(l) = -l**2 - 31*l + 133. Calculate k(-35).
-7
Let m(p) = -2*p**2 + 4*p - 2. Determine m(2).
-2
Let i(a) = a**2 + 10*a + 6. What is i(-9)?
-3
Let m(d) = d**2 - 14*d + 6. Give m(13).
-7
Let x(k) = -k**3 - 24*k**2 - 51*k + 48. What is x(-22)?
202
Let y(m) = 12*m**2 - 2. Determine y(1).
10
Let j(u) = u**3 + 31*u**2 - 3*u - 96. What is j(-31)?
-3
Let f(z) = -z**3 - 4*z**2 + 5*z - 5. Give f(-6).
37
Let p(u) = u**2 - 5*u - 17. What is p(6)?
-11
Let q(h) = 2*h**2 - 4. Determine q(-2).
4
Let u(b) = -53*b**2 + b + 2. Determine u(-1).
-52
Let u(r) = -r**2 - 7*r + 5. What is u(4)?
-39
Let z(a) = 19*a + 589. What is z(-31)?
0
Let x(i) = -i**3 + 21*i**2 - 99*i + 19. Give x(14).
5
Let x(i) = -9*i**2 + 2*i + 1. Determine x(-1).
-10
Let i(x) = -5*x + 120. What is i(23)?
5
Let k(r) = -r**2 + r + 86. Calculate k(-9).
-4
Let x(p) = p**3 + 19*p**2 + 30*p - 46. Give x(-17).
22
Let y(i) = -i**2 + 12*i - 16. Determine y(11).
-5
Let t(c) = -c**3 - 2*c**2 + 5*c + 1. Give t(-4).
13
Let s(h) = 4*h + 70. Give s(-10).
30
Let h(p) = -p**3 - 4*p**2 + 4*p + 8. What is h(-4)?
-8
Let c(u) = -u**2 - 16*u + 39. What is c(-20)?
-41
Let p(g) = 20*g - 131. Calculate p(5).
-31
Let g(x) = -x**2 - x + 31. Give g(-11).
-79
Let p(o) = 10*o**2. What is p(-1)?
10
Let z(n) = n**3 - 9*n**2 + 11*n + 23. What is z(7)?
2
Let w(h) = h**3 + 5*h**2 - 3*h - 10. What is w(-5)?
5
Let t(g) = -g**3 + 7*g**2 - 9*g - 15. Determine t(5).
-10
Let s(m) = 12*m**2 - 11*m - 22. Calculate s(-4).
214
Let o(k) = k**2 - 2*k - 12. Calculate o(-4).
12
Let j(p) = -p**3 + 5*p**2 + 107*p - 46. Calculate j(13).
-7
Let z(f) = f**3 + 11*f**2 - 11*f + 14. Give z(-12).
2
Let x(a) = a**2 + 11*a + 27. What is x(-10)?
17
Let p(a) = -a**3 + 20*a**2 + 158*a - 52. What is p(26)?
0
Let t(k) = -k**2 + 8*k - 6. Calculate t(9).
-15
Let q(o) = -o**3 + 23*o**2 - 21*o - 30. Give q(22).
-8
Let m(g) = 7*g - 4. Determine m(4).
24
Let k(u) = u**3 + u**2 + u - 5. Give k(2).
9
Let v(t) = 11*t + 431. Calculate v(-39).
2
Let w(o) = -o**2 + 12*o + 42. Give w(15).
-3
Let h(j) = j**2 - 7*j + 7. What is h(2)?
-3
Let p(f) = -f**2 + 8*f - 8. What is p(8)?
-8
Let h(o) = -o**2 + o - 17. Determine h(0).
-17
Let a(u) = -u**2 + 38. Determine a(-5).
13
Let d(u) = u**3 - 9*u**2 + 8*u - 4. Calculate d(8).
-4
Let v(m) = -39*m + 105. Give v(3).
-12
Let c(j) = -j**3 - j**2 + 2*j - 5. Calculate c(0).
-5
Let g(z) = 2*z**2 - 38*z - 9. Determine g(19).
-9
Let n(h) = 3*h. Determine n(-8).
-24
Let s(t) = t**2 + 4. Determine s(-3).
13
Let j(i) = i**2 + 13*i + 4. What is j(-6)?
-38
Let k(f) = -6*f**3 - f**2 - f. Calculate k(-1).
6
Let d(w) = w**3 - 9*w**2 - 11*w + 4. Give d(10).
-6
Let o(p) = p**2 - 4*p + 14. Determine o(9).
59
Let p(m) = m**2 - 33*m + 64. What is p(31)?
2
Let a(y) = y**3 - 12*y**2 + y - 1. Calculate a(12).
11
Let g(l) = 37*l**2 - 14*l + 12. Calculate g(1).
35
Let j(y) = -y**2 + 4*y. Determine j(4).
0
Let l(s) = -s**3 - 19*s**2 - 16*s + 37. Determine l(-18).
1
Let a(v) = -v**2 + 17*v + 34. Determine a(20).
-26
Let c(a) = a - 8. Calculate c(8).
0
Let f(g) = -g**2 + 5*g - 2. Determine f(1).
2
Let f(j) = -34*j - 680. What is f(-20)?
0
Let a(s) = s**2 - 41*s + 345. What is a(12)?
-3
Let w(v) = -21*v + 61. Give w(3).
-2
Let h(c) = -c**3 - 9*c**2 + 11*c - 9. Calculate h(-9).
-108
Let m(z) = z**2 - 27*z + 21. Determine m(27).
21
Let l(u) = -u**2 + 20*u - 9. Give l(19).
10
Let b(c) = c**3 - 19*c**2 - 16*c - 39. Calculate b(20).
41
Let q(n) = -n**2 + 2*n + 13. What is q(5)?
-2
Let t(y) = -y**2 + 7*y + 6. What is t(-7)?
-92
Let v(x) = -4*x**2 - 2*x - 4. Calculate v(-2).
-16
Let w(o) = -o**3 - o**2 + 42. What is w(0)?
42
Let p(x) = x**2 - 3*x + 1. What is p(8)?
41
Let i(c) = -c**3 - 8*c**2 - 5*c - 33. What is i(-8)?
7
Let b(p) = -3*p**2 - 2*p + 43. What is b(-5)?
-22
Let n(f) = -3*f**3 - 3*f**2 + f + 2. Determine n(-2).
12
Let f(j) = j**3 + 3*j**2 + 5*j - 6. Determine f(3).
63
Let z(c) = -c**3 + 18*c**2 + 19*c - 7. Determine z(19).
-7
Let m(a) = -a**3 + 3*a**2 - 5*a + 5. What is m(6)?
-133
Let p(b) = -b**2 - 15*b - 18. Give p(-14).
-4
Let l(q) = q**2 + 8*q - 1. Determine l(-7).
-8
Let o(j) = 3*j**2 + j + 3. Calculate o(-2).
13
Let f(p) = -20*p + 57. Give f(3).
-3
Let b(h) = -h. Determine b(-7).
7
Let o(r) = 8*r - 30. What is o(4)?
2
Let u(r) = -4*r - 12. Calculate u(-3).
0
Let u(d) = d**3 - 2*d**2 - 62*d - 7. Give u(9).
2
Let b(c) = c**3 - 9*c**2 + 24*c - 9. Give b(4).
7
Let t(r) = -r**3 + 12*r**2 + 14*r - 13. What is t(13)?
0
Let a(r) = -2*r - 10. Determine a(-2).
-6
Let x(l) = 26*l + 344. Determine x(-13).
6
Let p(r) = -9*r**2 + r - 9. Give p(4).
-149
Let c(m) = -6*m. Calculate c(-2).
12
Let v(s) = -4*s**2 + 16*s + 1. What is v(4)?
1
Let y(c) = -9*c**2 - 162*c + 2. What is y(-18)?
2
Let i(h) = h**3 + 10*h**2 - 24*h - 7. Determine i(-12).
-7
Let t(g) = g**3 - 27*g**2 - 28*g + 3. Determine t(28).
3
Let r(j) = j**3 + 2*j**2 - j + 12. Give r(0).
12
Let w(z) = -z**2 - 6*z - 15. Give w(-6).
-15
Let s(j) = 3*j**2 - 2*j - 2. Calculate s(-1).
3
Let b(l) = l**3 + 3*l**2 - 3*l - 3. Determine b(-3).
6
Let y(o) = -2*o**3 + 2*o**2 - 3*o - 3. Calculate y(2).
-17
Let x(y) = 2*y**3 - 2*y**2 - 4*y + 4. What is x(2)?
4
Let x(l) = 31*l - 280. What is x(9)?
-1
Let x(l) = -2*l - 2. Give x(-5).
8
Let i(a) = 59*a - 122. Give i(2).
-4
Let j(x) = 4*x + 2. Calculate j(2).
10
Let i(o) = -o**3 + 38*o**2 - 37*o - 5. What is i(37)?
-5
Let n(q) = 7*q**2 - 183*q + 33. Determine n(26).
7
Let j(f) = -8*f - 520. Calculate j(-66).
8
Let 